{"id":144,"date":"2017-11-07T20:26:54","date_gmt":"2017-11-07T19:26:54","guid":{"rendered":"http:\/\/autoserwislubon.pl\/?page_id=144"},"modified":"2024-01-16T18:41:02","modified_gmt":"2024-01-16T17:41:02","slug":"oferta-1","status":"publish","type":"page","link":"https:\/\/autoserwislubon.pl\/?page_id=144","title":{"rendered":"Oferta"},"content":{"rendered":"<div id=\"pl-16\" class=\"panel-layout\">\n<div id=\"pg-16-0\" class=\"panel-grid panel-no-style\">\n<div id=\"pgc-16-0-0\" class=\"panel-grid-cell\" data-weight=\"1\">\n<div id=\"panel-16-0-0-0\" class=\"so-panel widget widget_sow-editor panel-first-child panel-last-child\" data-index=\"0\" data-style=\"{&quot;background_display&quot;:&quot;tile&quot;}\">\n<div class=\"so-widget-sow-editor so-widget-sow-editor-base\">\n<div class=\"siteorigin-widget-tinymce textwidget\">\n<h2>Nale\u017cymy do grup: <strong>Perfect Service<\/strong> i <strong>Centrum Hamulcowe Ate<\/strong><\/h2>\n<p>Oferujemy szeroki zakres us\u0142ug zwi\u0105zanych z napraw\u0105 uk\u0142ad\u00f3w mechanicznych i elektronicznych w pojazdach samochodowych.<br \/>\n<span class=\"smart-ifw fa fa-wrench\"><\/span> <strong>MECHANIKA<\/strong> \u2013 naprawa g\u0142\u00f3wna i bie\u017c\u0105ca wszystkich uk\u0142ad\u00f3w w poje\u017adzie. Silniki spalinowe benzynowe i diesla, skrzynie bieg\u00f3w, sprz\u0119g\u0142a, rozrz\u0105dy, g\u0142owice, uk\u0142ady wtryskowe, uk\u0142ady przeniesienia nap\u0119du, uk\u0142ady zawieszenia, uk\u0142ady kierownicze, uk\u0142ady hamulcowe, uk\u0142ady\u00a0 zap\u0142onowe, uk\u0142ady zasilania, itp.<br \/>\n<span class=\"smart-ifw fa fa-tachometer\"><\/span> <strong>ELEKTRONIKA<\/strong> \u2013 diagnostyka komputerowa, oscyloskopowe i diagnostyczne pomiary parametr\u00f3w, lokalizacja i usuwanie defekt\u00f3w, modyfikacje sterownik\u00f3w silnika i pozosta\u0142ych modu\u0142\u00f3w, profesjonalne usuwanie filtr\u00f3w cz\u0105stek sta\u0142ych i zawor\u00f3w EGR<br \/>\n<img loading=\"lazy\" decoding=\"async\" src=\"http:\/\/autoserwislubon.pl\/wp-content\/uploads\/2015\/10\/obsluga-biezaca.png\" alt=\"obsluga-biezaca\" width=\"14\" height=\"14\" \/> <strong>OBS\u0141UGA BIE\u017b\u0104CA<\/strong> \u2013 wymiana oleju silnikowego, wymiana filtr\u00f3w, statyczna lub dynamiczna wymiana p\u0142yn\u00f3w eksploatacyjnych, wymiana klock\u00f3w lub tarcz hamulcowych<br \/>\n<img loading=\"lazy\" decoding=\"async\" src=\"http:\/\/autoserwislubon.pl\/wp-content\/uploads\/2015\/10\/centrum-hamulcowe-ate.png\" alt=\"centrum-hamulcowe-ate\" width=\"14\" height=\"14\" \/> <strong>CENTRUM\u00a0HAMULCOWE ATE<\/strong> \u2013 kompleksowa diagnostyka i naprawa system\u00f3w hamulcowych<br \/>\n<span class=\"smart-ifw fa fa-empire\"><\/span> <strong>KLIMATYZACJA<\/strong> \u2013 obs\u0142uga i naprawa uk\u0142ad\u00f3w klimatyzacji<br \/>\n<img loading=\"lazy\" decoding=\"async\" src=\"http:\/\/autoserwislubon.pl\/wp-content\/uploads\/2015\/10\/turbo-sprezarka.png\" alt=\"turbo-sprezarka\" width=\"11\" height=\"14\" \/> <strong>CHIP-TUNING<\/strong> \u2013 profesjonalna modyfikacja sterownika silnika w celu podniesienia mocy i momentu obrotowego silnika<br \/>\n<span class=\"smart-ifw fa fa-leaf\"><\/span> <strong>EKO-TUNING<\/strong> \u2013 profesjonalna modyfikacja sterownika silnika w celu obni\u017cenia zu\u017cycia paliwa<br \/>\n<span class=\"smart-ifw fa fa-fire\"><\/span> <strong>INSTALACJE GAZOWE\u00a0LPG I CNG<\/strong> \u2013 monta\u017c, obs\u0142uga i naprawa instalacji gazowych<br \/>\n<span class=\"smart-ifw fa fa-car\"><\/span> <strong>HYBRYDY<\/strong> \u2013 obs\u0142uga, diagnostyka i naprawa pojazd\u00f3w hybrydowych..<\/p>\n<\/div>\n<\/div>\n<\/div>\n<\/div>\n<\/div>\n<\/div>\n","protected":false},"excerpt":{"rendered":"<p>Nale\u017cymy do grup: Perfect Service i Centrum Hamulcowe Ate Oferujemy szeroki zakres us\u0142ug zwi\u0105zanych z napraw\u0105 uk\u0142ad\u00f3w mechanicznych i elektronicznych w pojazdach samochodowych. MECHANIKA \u2013 naprawa g\u0142\u00f3wna i bie\u017c\u0105ca wszystkich uk\u0142ad\u00f3w w poje\u017adzie. Silniki spalinowe benzynowe i diesla, skrzynie bieg\u00f3w, sprz\u0119g\u0142a, rozrz\u0105dy, g\u0142owice, uk\u0142ady wtryskowe, uk\u0142ady przeniesienia nap\u0119du, uk\u0142ady zawieszenia, uk\u0142ady kierownicze, uk\u0142ady hamulcowe, uk\u0142ady\u00a0&#8230;<\/p>\n","protected":false},"author":1,"featured_media":0,"parent":0,"menu_order":0,"comment_status":"closed","ping_status":"closed","template":"page-templates\/full-width.php","meta":{"footnotes":""},"_links":{"self":[{"href":"https:\/\/autoserwislubon.pl\/index.php?rest_route=\/wp\/v2\/pages\/144"}],"collection":[{"href":"https:\/\/autoserwislubon.pl\/index.php?rest_route=\/wp\/v2\/pages"}],"about":[{"href":"https:\/\/autoserwislubon.pl\/index.php?rest_route=\/wp\/v2\/types\/page"}],"author":[{"embeddable":true,"href":"https:\/\/autoserwislubon.pl\/index.php?rest_route=\/wp\/v2\/users\/1"}],"replies":[{"embeddable":true,"href":"https:\/\/autoserwislubon.pl\/index.php?rest_route=%2Fwp%2Fv2%2Fcomments&post=144"}],"version-history":[{"count":6,"href":"https:\/\/autoserwislubon.pl\/index.php?rest_route=\/wp\/v2\/pages\/144\/revisions"}],"predecessor-version":[{"id":215,"href":"https:\/\/autoserwislubon.pl\/index.php?rest_route=\/wp\/v2\/pages\/144\/revisions\/215"}],"wp:attachment":[{"href":"https:\/\/autoserwislubon.pl\/index.php?rest_route=%2Fwp%2Fv2%2Fmedia&parent=144"}],"curies":[{"name":"wp","href":"https:\/\/api.w.org\/{rel}","templated":true}]}}